
Does 31 divide 209219?
True
Is 249594 a multiple of 211?
False
Is 198 a factor of 15840?
True
Does 20 divide 15104935?
False
Is 33 a factor of 5112492?
True
Is 204363 a multiple of 243?
True
Is 146 a factor of 861108?
True
Is 9 a factor of 9280263?
False
Does 56 divide 3234897?
False
Is 22 a factor of 368808?
True
Is 297556 a multiple of 28?
True
Is 128454 a multiple of 79?
True
Is 60 a factor of 203799?
False
Is 22275 a multiple of 109?
False
Does 28 divide 774955?
False
Is 22936 a multiple of 122?
True
Is 45 a factor of 181574?
False
Is 82 a factor of 467810?
True
Is 55631 a multiple of 99?
False
Does 29 divide 110171?
True
Does 586 divide 12159680?
False
Is 3 a factor of 243136?
False
Does 73 divide 1035980?
False
Is 349441 a multiple of 21?
False
Is 7561700 a multiple of 20?
True
Does 5 divide 262285?
True
Is 277 a factor of 215509?
False
Does 8 divide 100576?
True
Is 172270 a multiple of 107?
True
Is 14 a factor of 4675933?
False
Is 282 a factor of 99546?
True
Is 409981 a multiple of 47?
True
Is 14256971 a multiple of 19?
False
Does 6 divide 63426?
True
Does 60 divide 295618?
False
Does 409 divide 66258?
True
Does 638 divide 3211692?
True
Is 149 a factor of 427289?
False
Is 23 a factor of 139357?
True
Does 15 divide 696750?
True
Is 35 a factor of 1448545?
True
Does 18 divide 1974132?
True
Is 240540 a multiple of 380?
True
Does 82 divide 73180?
False
Is 64 a factor of 286746?
False
Is 1604066 a multiple of 46?
True
Does 37 divide 176786?
True
Does 72 divide 2466576?
True
Is 12 a factor of 98333?
False
Is 922 a multiple of 2?
True
Is 16 a factor of 64272?
True
Is 4618 a multiple of 102?
False
Does 21 divide 143703?
True
Is 15 a factor of 1718775?
True
Does 312 divide 6696144?
True
Is 76 a factor of 9782720?
True
Is 72 a factor of 1990296?
True
Is 134 a factor of 7916586?
True
Is 3570428 a multiple of 46?
True
Does 1545 divide 11820795?
True
Is 236 a factor of 45667?
False
Is 253 a factor of 66033?
True
Is 124 a factor of 278921?
False
Is 252 a factor of 763744?
False
Is 5004369 a multiple of 134?
False
Does 297 divide 151767?
True
Is 30624 a multiple of 352?
True
Is 8 a factor of 2396536?
True
Is 59 a factor of 10756286?
False
Is 14 a factor of 1107078?
True
Is 8 a factor of 903808?
True
Does 7 divide 2280547?
False
Is 62020 a multiple of 35?
True
Is 462477 a multiple of 3?
True
Is 106236 a multiple of 52?
True
Is 516003 a multiple of 40?
False
Is 208 a factor of 3746314?
False
Is 121793 a multiple of 11?
False
Is 22948299 a multiple of 33?
True
Is 144 a factor of 2126817?
False
Is 2 a factor of 6686?
True
Is 11 a factor of 226039?
True
Is 6 a factor of 308395?
False
Does 426 divide 12495432?
True
Does 19 divide 1408679?
True
Is 35 a factor of 3991748?
False
Is 1180113 a multiple of 217?
False
Is 74 a factor of 795122?
False
Is 547665 a multiple of 756?
False
Is 8359580 a multiple of 1069?
True
Is 193 a factor of 1009419?
False
Is 918251 a multiple of 299?
False
Is 227522 a multiple of 37?
False
Is 9 a factor of 8479900?
False
Does 196 divide 3199700?
True
Is 11570409 a multiple of 93?
True
Is 296535 a multiple of 15?
True
Is 494637 a multiple of 184?
False
Does 136 divide 58046?
False
Does 97 divide 45493?
True
Is 6 a factor of 18565206?
True
Is 16123229 a multiple of 145?
False
Does 13 divide 2298140?
True
Does 77 divide 56956?
False
Does 1485 divide 10629630?
True
Is 32 a factor of 1242454?
False
Does 23 divide 4671?
False
Does 30 divide 4584070?
False
Does 13 divide 169990?
False
Does 263 divide 5302606?
True
Is 289461 a multiple of 85?
False
Does 21 divide 681597?
True
Is 11 a factor of 154330?
True
Is 76860 a multiple of 140?
True
Does 59 divide 175820?
True
Is 245968 a multiple of 16?
True
Does 45 divide 3763019?
False
Is 26 a factor of 193732?
False
Does 41 divide 976579?
True
Is 348768 a multiple of 126?
True
Does 11 divide 5615522?
True
Does 606 divide 1450764?
True
Is 17 a factor of 143089?
True
Is 19 a factor of 1247610?
False
Is 13 a factor of 2235808?
False
Is 444390 a multiple of 15?
True
Is 3 a factor of 1050400?
False
Is 1011245 a multiple of 235?
False
Does 43 divide 665511?
True
Is 129780 a multiple of 18?
True
Does 10 divide 4900370?
True
Is 17 a factor of 907238?
False
Is 96 a factor of 36997?
False
Is 2023464 a multiple of 637?
False
Is 8281837 a multiple of 12?
False
Is 159732 a multiple of 51?
True
Is 1068579 a multiple of 57?
True
Is 635 a factor of 5322986?
False
Is 538436 a multiple of 34?
False
Is 360 a factor of 4750560?
True
Is 357 a factor of 17379278?
False
Does 7 divide 22358?
True
Is 42 a factor of 11448486?
True
Is 30 a factor of 128610?
True
Is 253 a factor of 1250401?
False
Does 16 divide 528159?
False
Is 22 a factor of 1077067?
False
Is 79 a factor of 6578444?
False
Does 7 divide 1799451?
False
Is 217 a factor of 1994375?
False
Is 11 a factor of 3859047?
False
Does 68 divide 165784?
True
Is 19164745 a multiple of 349?
False
Is 15 a factor of 558555?
True
Is 43 a factor of 116381?
False
Is 87 a factor of 103176?
False
Is 78 a factor of 465816?
True
Is 43 a factor of 4202?
False
Is 11 a factor of 150084?
True
Does 9 divide 129573?
True
Does 4 divide 725200?
True
Does 107 divide 234865?
True
Does 1210 divide 4652448?
False
Is 29930 a multiple of 201?
False
Is 4 a factor of 1807944?
True
Is 135034 a multiple of 262?
False
Is 13 a factor of 1850777?
False
Is 1764450 a multiple of 6?
True
Does 20 divide 1066000?
True
Is 10107022 a multiple of 67?
False
Is 157302 a multiple of 27?
True
Is 5397574 a multiple of 94?
True
Does 204 divide 190332?
True
Is 516 a factor of 11074949?
False
Is 720072 a multiple of 31?
False
Does 67 divide 33433?
True
Does 12 divide 22776?
True
Is 119135 a multiple of 3?
False
Is 1104 a multiple of 128?
False
Is 1203026 a multiple of 5?
False
Is 1554585 a multiple of 133?
False
Does 229 divide 3321874?
True
Does 17 divide 248064?
True
Is 1204344 a multiple of 26?
False
Does 31 divide 1136615?
True
Does 823 divide 1771096?
True
Does 62 divide 175964?
False
Is 700977 a multiple of 123?
True
Is 20 a factor of 1324293?
False
Does 485 divide 544170?
True
Does 55 divide 154055?
True
Is 1220501 a multiple of 3?
False
Is 225 a factor of 21923138?
False
Does 5 divide 1426935?
True
Does 62 divide 256618?
True
Does 9 divide 419040?
True
Does 74 divide 3562865?
False
Does 44 divide 53447?
False
Is 5 a factor of 53085?
True
Is 14632 a multiple of 31?
True
Does 17 divide 531726?
True
Is 271 a factor of 80758?
True
Does 50 divide 9069?
False
Does 81 divide 8956251?
True
Is 31920 a multiple of 8?
True
Does 10 divide 342670?
True
Is 452685 a multiple of 5?
True
Is 60 a factor of 8175300?
True
Is 579952 a multiple of 16?
True
Is 9469248 a multiple of 149?
True
Is 118 a factor of 125392?
False
Is 15 a factor of 431940?
True
Is 15 a factor of 94857?
False
Does 1451 divide 12167327?
False
Does 38 divide 2819184?
False
Is 111240 a multiple of 216?
True
Does 34 divide 1558525?
False
Is 110 a factor of 53680?
True
Does 149 divide 27338?
False
Does 873 divide 3851676?
True
Is 8 a factor of 2769203?
False
Does 94 divide 986990?
False
Is 336500 a multiple of 20?
True
Is 122 a factor of 491699?
False
Is 9630804 a multiple of 327?
True
Is 9910469 a multiple of 442?
False
Does 129 divide 2575348?
False
Does 186 divide 193246?
False
Is 72 a factor of 428116?
False
Does 21 divide 6802356?
False
Is 347 a factor of 295402?
False
Is 177 a factor of 499348?
False
Does 68 divide 96596?
False
Is 51 a factor of 1774405?
False
Does 93 divide 119226?
True
Does 23 divide 338698?
True
Does 43 divide 334805?
False
Is 79 a factor of 161476?
True
Does 203 divide 169913?
False
Is 62 a factor of 66898?
True
Is 74256 a multiple of 26?
True
Is 28857 a multiple of 110?
False
Is 15 a factor of 765587?
False
Does 116 divide 1600916?
True
Is 255 a factor of 1503990?
True
Does 79 divide 942596?
False
Is 5 a factor of 206667?
False
Does 180 divide 125280?
True
Does 296 divide 302808?
True
Is 52 a factor of 287820?
True
Is 3 a factor of 292849?
False
Does 27 divide 45402390?
True
Is 7 a factor of 594389?
False
Is 9490050 a multiple of 45?
True
Is 80 a factor of 102264?
False
Does 97 divide 2183356?
False
Is 60 a factor of 9116892?
False
Does 66 divide 4957454?
False
Does 11 divide 126531?
False
Is 81690 a multiple of 70?
True
Is 35 a fa